 -2*a = l + 5, 0 = -4*l - 2*a - a. Suppose l*k - 11 - 13 = -3*o, -4*o + 2*k + 8 = 0. Suppose -o*b - 26 = -194. Is 14 a factor of b?
True
Suppose -2*d + 33 + 7 = 0. Suppose d = 2*n - n. Is n a multiple of 10?
True
Suppose l - 5*l + 32 = 0. Let z = l + 14. Does 22 divide z?
True
Let m(b) = 25*b**3 + b**2 - 2*b + 1. Let v(r) = r**2 - 5*r - 5. Let i be v(6). Let c be 4*(i + (-6)/8). Does 24 divide m(c)?
False
Does 12 divide (-14614)/(-50)*14 - 8/(-100)?
True
Let x(c) = 209*c**2 - 3*c + 1. Is 23 a factor of x(1)?
True
Let i = 71 + -32. Suppose -4*c = -5*c + i. Let p = c + -11. Does 5 divide p?
False
Suppose 5*t - 47 - 53 = 0. Suppose -4*w - 2*k = -t, 0 = -5*k - 4 - 6. Suppose w*b = 3*b + 9. Is b a multiple of 2?
False
Does 4 divide (-5)/(105/(-12)) + 6804/98?
False
Let d be (-70)/25 - (-2)/(-10). Does 17 divide 102/(1 + d/(-6))?
True
Is 0 + 61 - (-1 + (3 - 5)) a multiple of 8?
True
Let a = -152 + 40. Let t = a - -212. Is t a multiple of 25?
True
Let p(d) = 2671*d**2 - 5*d + 4. Is 15 a factor of p(1)?
True
Let r(n) = -1 - 5*n - 17*n - 30*n**2 + 12*n**2 + 5 - n**3. Is 19 a factor of r(-17)?
False
Let a = -188 - -236. Is 16 a factor of a?
True
Suppose p - 14 = 4*h, -4*p + 2*h - 2 = p. Let q(u) = -1 - 18*u + 3 - 6. Does 8 divide q(p)?
True
Suppose 6 = 8*o - 10. Suppose -o*g = -w + 6*w - 90, 3*g - 126 = -3*w. Is 5 a factor of g?
True
Let h = -823 + 1255. Does 4 divide h?
True
Let t(j) = -25*j**2 + 325*j + 2. Let z be t(13). Suppose 0*q = -2*q + 8. Suppose -16 = q*w, -2*w + 48 = z*x - 7*w. Does 6 divide x?
False
Let d(r) = -r**3 + 10*r**2 - 11*r - 6. Suppose -y = 4*y - 75. Let t = y + -8. Does 16 divide d(t)?
True
Suppose -498 = -3*u + 360. Is u/12 + (-8)/(-48) a multiple of 8?
True
Let b(q) = -46*q + 6. Suppose -44 = -5*t - 59. Is 18 a factor of b(t)?
True
Let g(j) = j**3 + 23*j**2 - 38*j - 12. Let f be g(-21). Let u(l) = l**3 - l + 30. Let c be u(0). Is 14 a factor of f/c - 2/(-5)?
True
Suppose -5874 = -13*l - 1116. Is 24 a factor of l?
False
Is ((864/15)/6)/(6/210) a multiple of 24?
True
Let u(t) = 92*t + 69. Does 5 divide u(7)?
False
Let d(j) = 37*j**2 - 3*j + 18. Does 9 divide d(3)?
True
Let u = 527 + -23. Does 14 divide u?
True
Suppose -u - 450 - 86 = -3*f, -4*u - 8 = 0. Is f a multiple of 2?
True
Let q(v) = v**2 - 8*v + 25. Let n be -3*((-272)/78 + (-22)/(-143)). Is q(n) a multiple of 7?
False
Let t(n) = -n**3 + 14*n**2 - 13*n + 30. Let a be t(13). Suppose -25 = -6*x + x. Suppose -u + 56 = -x*d, -3*d - 109 - a = -4*u. Is 8 a factor of u?
False
Let n be (-8)/6*33/(-22). Suppose n*i - 27 = 5. Suppose -2*f + i = -f. Does 8 divide f?
True
Suppose 7*a - 2101 = -239. Suppose -3*n + n - g = -a, -n + 124 = 5*g. Does 16 divide n?
False
Suppose -x - 13 + 17 = 0. Does 15 divide 26 - (3 - x) - -3?
True
Let t(r) = 10*r - 27. Let s(y) = 11*y - 28. Let f(l) = -4*s(l) + 3*t(l). Is f(-8) a multiple of 24?
False
Suppose d - 3*b = 0, -4*d - 4*b = -d - 13. Suppose d*h = h + 8. Suppose -7 = h*s - 139. Is 11 a factor of s?
True
Suppose -2*s - 3*g = -7 - 5, 8 = -5*s + 2*g. Suppose l - h + 2 = 0, -3*l + 0*l + h + 4 = s. Suppose 5*c + 20 = 0, 5*x + l*c + 23 - 226 = 0. Is 6 a factor of x?
False
Suppose 0 = -o + 4*q - 18, 6 = -o - 3*q + 4*q. Is 4 a factor of (-34 - 6)/((1 + o)*1)?
True
Suppose 3*t = p - 0*t - 78, 5*t = -3*p + 220. Is p even?
False
Let v(i) = -21*i - 150. Is 15 a factor of v(-20)?
True
Let q(u) = -9*u**2 + 0*u**3 - 2*u**2 - 5*u - u**2 + u**3. Is q(13) a multiple of 26?
True
Let l(h) = -15*h - 1. Let k be 14/63 - (-140)/18. Let a be k/(-1) + (1 - -2). Is l(a) a multiple of 34?
False
Suppose 3*o = -2*h + 9, 0 = -o - 6*h + h + 16. Is o/((6/(-1332))/(3/(-6))) a multiple of 10?
False
Let k be (84/35)/(2/80). Let d = -93 + k. Is d a multiple of 2?
False
Does 52 divide 537*(3 + 28/12 - 5)?
False
Let l(o) = -29*o**2 + 7*o - 19. Let x(q) = -15*q**2 + 4*q - 10. Let p(w) = -6*l(w) + 11*x(w). Does 26 divide p(4)?
True
Let y(w) = -w**3 + 5*w**2 - 6*w + 4. Let v be y(2). Let u be 13/((-39)/(-126)) - v. Suppose 0*i - i + u = 0. Is 19 a factor of i?
True
Suppose 2*d + 5*t + 90 = -3*d, -5*d - 4*t - 93 = 0. Let v = d - -36. Is v a multiple of 14?
False
Suppose -3*z = z - 24. Let j(f) = f - 1. Let s(n) = -2*n + 1. Let q(k) = 2*j(k) - s(k). Does 7 divide q(z)?
True
Suppose 3*h - 21 = 4*q + 167, -q - 56 = -3*h. Let l be 22/6 - q/(-66). Let p = l + 13. Does 4 divide p?
True
Let z(d) = 2*d**3 + 3*d**2 - 5*d - 7. Let o be z(-3). Let l be (-1309)/(-21) - (-4)/6. Let m = o + l. Is m a multiple of 11?
True
Suppose 824 = -316*i + 320*i. Is i a multiple of 4?
False
Let q(g) = -34*g + 3. Let l be q(4). Suppose -7*d + 189 = -6*d. Let h = d + l. Is 30 a factor of h?
False
Suppose 0 = -3*x - 16 + 7. Let o(y) = -4*y - 4 + y + 0*y. Is 3 a factor of o(x)?
False
Let w be 6/(-15) - 5885/(-25). Suppose -s - 4*d = -62, 5*s + 5*d - w = -0*s. Does 6 divide s?
True
Let w(r) = 42*r**2 - 6*r - 11. Let f be w(-8). Let a be (-1)/(-7) + f/35. Suppose -2*n + a = n. Is 12 a factor of n?
False
Let h = 1555 - 427. Is 12 a factor of h?
True
Let c(g) = -62*g + 13. Does 13 divide c(0)?
True
Let p = -631 - -1223. Is p a multiple of 9?
False
Suppose -4*d - 57 = -3*y, 2*d - 14 - 55 = -5*y. Is (3/2)/(y/20) - -68 a multiple of 14?
True
Let z be 14 - 15 - 1*-2. Let f = 3 + z. Suppose f*s - 46 + 14 = -2*u, 9 = -3*s. Is 21 a factor of u?
False
Suppose 5*z - 220 = -5*u, 2*u + 3*z - 42 = u. Let i = 1 + u. Let f = -14 + i. Is f a multiple of 8?
True
Suppose -g - 21 = -3*a, -4*g = -a - 6*g. Suppose a*m - 2703 + 843 = 0. Does 62 divide m?
True
Let a = -4450 + 8883. Is a a multiple of 60?
False
Suppose -9*n + 150 + 3 = 0. Let h = n + 47. Does 16 divide h?
True
Let y(b) = -3*b**2 - 32*b + 13. Let t be y(-11). Suppose -2*s + 5*c + 135 = 0, c + c = -t*s + 114. Does 6 divide s?
True
Let l = 116 + 310. Is l a multiple of 32?
False
Suppose -5*i + 3*n = -268, n = 4*n - 12. Is 4 a factor of i?
True
Suppose 4*i + 29 = 3*i. Let n = i - -67. Is n a multiple of 19?
True
Let g = 16 + -20. Let b be (1 + 5)*g/(-6). Let s = 32 + b. Is s a multiple of 12?
True
Let t(s) be the third derivative of -s**5/60 - s**4/6 + 5*s**3/6 - 2*s**2. Let l be t(-6). Let g = 1 - l. Is g a multiple of 4?
True
Suppose 2*l = 5*l - 9. Suppose 4*f - 1127 = -5*y, f = l - 0. Does 25 divide y?
False
Let y = 14 - 14. Is 35 a factor of 110 - (y/(-4))/5?
False
Let p = -886 + 6586. Is p a multiple of 20?
True
Suppose 21*g - 24*g - 114 = 0. Let m = g - -74. Does 12 divide m?
True
Suppose 121*g = 109*g + 10188. Does 8 divide g?
False
Suppose 37*w + 13692 - 44550 = 0. Is 13 a factor of w?
False
Let l = 32 + -14. Suppose 0 = -j + l. Let q = j + -4. Is q a multiple of 11?
False
Let s(r) = -2*r**2 - 20*r + 14. Is 4 a factor of s(-7)?
True
Suppose -85 = 2*a + 19. Let n = a - -113. Is n a multiple of 8?
False
Suppose 4*w + y - 5995 = 0, 7040 = 5*w - 4*y - 480. Is w a multiple of 15?
True
Suppose 0 = 8*g - 2089 - 23. Let a = g - 168. Does 22 divide a?
False
Is (228/(-8) - 6)*-14 a multiple of 21?
True
Let d be (15/10 - 2) + (-18)/(-4). Is 11 a factor of 66/(((-3)/(-27))/(d/24))?
True
Suppose 0 = 77*r - 54*r - 17802. Is 6 a factor of r?
True
Suppose -426 = 3*t + 4*b - 7*b, 586 = -4*t - 5*b. Is (44/12)/(0 - 3/t) a multiple of 34?
False
Let k = 10533 + -4345. Is 119 a factor of k?
True
Let a(o) = -o**3 - 1. Let l(x) = -10*x**2 + 6*x - 4. Let h(k) = a(k) - l(k). Is h(7) a multiple of 27?
True
Suppose 27*v - 32*v = 3*m - 5345, -3*v - 4*m + 3207 = 0. Is v a multiple of 17?
False
Suppose -7 = -3*w + d, 4*w - d - 3*d - 12 = 0. Does 2 divide w?
True
Let u = -9 + 42. Does 9 divide u?
False
Let l(d) be the first derivative of 2*d**3 - 7*d + 17. Is 41 a factor of l(-3)?
False
Let d = 28 - -1276. Is d a multiple of 50?
False
Suppose 2430 = -3*m + 8*m. Suppose f + m = 7*f. Is 13 a factor of f?
False
Let h = 90 + -41. Let x = -14 - h. Does 14 divide (x/6)/(12/(-64))?
True
Let p(j) be the first derivative of 5*j**3/6 - 3*j**2/2 + j - 2. Let f(m) be the first derivative of p(m). Is 18 a factor of f(8)?
False
Let s be (-9 + 1)/(-1 - 1). Suppose 45 = 3*t + 6*t. Suppose -s*f = -5*d + 207, -241 + 43 = -t*d + f. Is 13 a factor of d?
True
Let y(q) be the third derivative of q**8/6720 - q**7/1260 + q**5/15 + 3*q**2. Let h(p) be the third derivative of y(p). Is 16 a factor of h(4)?
True
Suppose n + 4